{"id":16144,"date":"2025-12-24T11:32:47","date_gmt":"2025-12-24T10:32:47","guid":{"rendered":"https:\/\/www.clinicabajo.com\/we\/dr-reyes-bajo-garcia\/"},"modified":"2026-04-25T20:01:24","modified_gmt":"2026-04-25T18:01:24","slug":"dr-reyes-bajo-garcia","status":"publish","type":"page","link":"https:\/\/www.clinicabajo.com\/en\/about-us\/dr-reyes-bajo-garcia\/","title":{"rendered":"Dr Reyes Bajo Garc\u00eda"},"content":{"rendered":"\n<div class=\"wp-block-group has-global-padding is-layout-constrained wp-block-group-is-layout-constrained\" style=\"margin-top:var(--wp--preset--spacing--50);margin-bottom:var(--wp--preset--spacing--50)\">\n<div class=\"wp-block-columns is-layout-flex wp-container-core-columns-is-layout-cbe57604 wp-block-columns-is-layout-flex\">\n<div class=\"wp-block-column is-vertically-aligned-center is-layout-flow wp-block-column-is-layout-flow\">\n<h2 class=\"wp-block-heading\" style=\"font-style:normal;font-weight:700;text-transform:uppercase\">Stomatology and Aesthetic Medicine<\/h2>\n\n\n\n<div class=\"wp-block-group has-global-padding is-layout-constrained wp-block-group-is-layout-constrained\" style=\"margin-top:var(--wp--preset--spacing--40)\">\n<h3 class=\"wp-block-heading has-medium-font-size\">Degree in Medicine and Surgery from the University of Oviedo in 1991.<\/h3>\n\n\n\n<h3 class=\"wp-block-heading has-medium-font-size\">Specialist in Stomatology from the University of Oviedo in 1994 (M.I.R).<\/h3>\n\n\n\n<h3 class=\"wp-block-heading has-medium-font-size\">Medical Specialist in Aesthetic and Anti-Aging Medicine<\/h3>\n\n\n\n<h3 class=\"wp-block-heading has-medium-font-size\">Master in Implantology by the University Paris V (M.I.R.I.P.)<\/h3>\n\n\n\n<h3 class=\"wp-block-heading has-medium-font-size\">Master in Periodontology by the University Paris V (M.I.R.I.P.)<\/h3>\n\n\n\n<h3 class=\"wp-block-heading has-medium-font-size\">Master in Aesthetic Medicine, Universidad Complutense de Madrid, 2012.<\/h3>\n\n\n\n<h3 class=\"wp-block-heading has-medium-font-size\">Member SEPA (Spanish Society of Prosthetics)<\/h3>\n\n\n\n<h3 class=\"wp-block-heading has-medium-font-size\">Member of SEPES (Spanish Society of Periodontics)<\/h3>\n\n\n\n<h3 class=\"wp-block-heading has-medium-font-size\">Member of S.E.M.E. (Spanish Society of Aesthetic Medicine).<\/h3>\n\n\n\n<h3 class=\"wp-block-heading has-medium-font-size\">Member of ACAME (Canary Association of Aesthetic Medicine).<\/h3>\n<\/div>\n<\/div>\n\n\n\n<div class=\"wp-block-column is-vertically-aligned-center is-layout-flow wp-block-column-is-layout-flow\">\n<figure class=\"wp-block-image aligncenter size-large is-resized\"><img loading=\"lazy\" decoding=\"async\" width=\"968\" height=\"1024\" src=\"https:\/\/www.clinicabajo.com\/wp-content\/uploads\/2025\/12\/Dra.-Reyes-Bajo-Garcia-Estomatologia-y-Medicina-Estetica-968x1024.jpg\" alt=\"Dra. Reyes Bajo Garc\u00eda, experta en estomatolog\u00eda y medicina est\u00e9tica en Cl\u00ednica Abajo, Los Cristianos. Tu especialista en est\u00e9tica facial en Tenerife Sur.\" class=\"wp-image-16266\" style=\"object-fit:cover;width:500px;height:500px\" title=\"\" srcset=\"https:\/\/www.clinicabajo.com\/wp-content\/uploads\/2025\/12\/Dra.-Reyes-Bajo-Garcia-Estomatologia-y-Medicina-Estetica-968x1024.jpg 968w, https:\/\/www.clinicabajo.com\/wp-content\/uploads\/2025\/12\/Dra.-Reyes-Bajo-Garcia-Estomatologia-y-Medicina-Estetica-284x300.jpg 284w, https:\/\/www.clinicabajo.com\/wp-content\/uploads\/2025\/12\/Dra.-Reyes-Bajo-Garcia-Estomatologia-y-Medicina-Estetica-768x813.jpg 768w, https:\/\/www.clinicabajo.com\/wp-content\/uploads\/2025\/12\/Dra.-Reyes-Bajo-Garcia-Estomatologia-y-Medicina-Estetica.jpg 1000w\" sizes=\"auto, (max-width: 968px) 100vw, 968px\" \/><\/figure>\n<\/div>\n<\/div>\n<\/div>\n","protected":false},"excerpt":{"rendered":"<p>Stomatology and Aesthetic Medicine Degree in Medicine and Surgery from the University of Oviedo in 1991. Specialist in Stomatology from the University of Oviedo in 1994 (M.I.R). Medical Specialist in Aesthetic and Anti-Aging Medicine Master in Implantology by the University Paris V (M.I.R.I.P.) Master in Periodontology by the University Paris V (M.I.R.I.P.) Master in Aesthetic [&hellip;]<\/p>\n","protected":false},"author":2,"featured_media":16054,"parent":16044,"menu_order":0,"comment_status":"closed","ping_status":"closed","template":"pagina-cv","meta":{"footnotes":""},"class_list":["post-16144","page","type-page","status-publish","has-post-thumbnail","hentry"],"_links":{"self":[{"href":"https:\/\/www.clinicabajo.com\/en\/wp-json\/wp\/v2\/pages\/16144","targetHints":{"allow":["GET"]}}],"collection":[{"href":"https:\/\/www.clinicabajo.com\/en\/wp-json\/wp\/v2\/pages"}],"about":[{"href":"https:\/\/www.clinicabajo.com\/en\/wp-json\/wp\/v2\/types\/page"}],"author":[{"embeddable":true,"href":"https:\/\/www.clinicabajo.com\/en\/wp-json\/wp\/v2\/users\/2"}],"replies":[{"embeddable":true,"href":"https:\/\/www.clinicabajo.com\/en\/wp-json\/wp\/v2\/comments?post=16144"}],"version-history":[{"count":2,"href":"https:\/\/www.clinicabajo.com\/en\/wp-json\/wp\/v2\/pages\/16144\/revisions"}],"predecessor-version":[{"id":17062,"href":"https:\/\/www.clinicabajo.com\/en\/wp-json\/wp\/v2\/pages\/16144\/revisions\/17062"}],"up":[{"embeddable":true,"href":"https:\/\/www.clinicabajo.com\/en\/wp-json\/wp\/v2\/pages\/16044"}],"wp:featuredmedia":[{"embeddable":true,"href":"https:\/\/www.clinicabajo.com\/en\/wp-json\/wp\/v2\/media\/16054"}],"wp:attachment":[{"href":"https:\/\/www.clinicabajo.com\/en\/wp-json\/wp\/v2\/media?parent=16144"}],"curies":[{"name":"wp","href":"https:\/\/api.w.org\/{rel}","templated":true}]}}

Dr Reyes Bajo García

<div class="wp-block-group has-global-padding is-layout-constrained wp-block-group-is-layout-constrained" style="margin-top:var(--wp--preset--spacing--50);margin-bottom:var(--wp--preset--spacing--50)">
<div class="wp-block-columns is-layout-flex wp-container-core-columns-is-layout-cbe57604 wp-block-columns-is-layout-flex">
<div class="wp-block-column is-vertically-aligned-center is-layout-flow wp-block-column-is-layout-flow">
<h2 class="wp-block-heading" style="font-style:normal;font-weight:700;text-transform:uppercase">Stomatology and Aesthetic Medicine</h2>



<div class="wp-block-group has-global-padding is-layout-constrained wp-block-group-is-layout-constrained" style="margin-top:var(--wp--preset--spacing--40)">
<h3 class="wp-block-heading has-medium-font-size">Degree in Medicine and Surgery from the University of Oviedo in 1991.</h3>



<h3 class="wp-block-heading has-medium-font-size">Specialist in Stomatology from the University of Oviedo in 1994 (M.I.R).</h3>



<h3 class="wp-block-heading has-medium-font-size">Medical Specialist in Aesthetic and Anti-Aging Medicine</h3>



<h3 class="wp-block-heading has-medium-font-size">Master in Implantology by the University Paris V (M.I.R.I.P.)</h3>



<h3 class="wp-block-heading has-medium-font-size">Master in Periodontology by the University Paris V (M.I.R.I.P.)</h3>



<h3 class="wp-block-heading has-medium-font-size">Master in Aesthetic Medicine, Universidad Complutense de Madrid, 2012.</h3>



<h3 class="wp-block-heading has-medium-font-size">Member SEPA (Spanish Society of Prosthetics)</h3>



<h3 class="wp-block-heading has-medium-font-size">Member of SEPES (Spanish Society of Periodontics)</h3>



<h3 class="wp-block-heading has-medium-font-size">Member of S.E.M.E. (Spanish Society of Aesthetic Medicine).</h3>



<h3 class="wp-block-heading has-medium-font-size">Member of ACAME (Canary Association of Aesthetic Medicine).</h3>
</div>
</div>



<div class="wp-block-column is-vertically-aligned-center is-layout-flow wp-block-column-is-layout-flow">
<figure class="wp-block-image aligncenter size-large is-resized"><img loading="lazy" decoding="async" width="968" height="1024" src="https://www.clinicabajo.com/wp-content/uploads/2025/12/Dra.-Reyes-Bajo-Garcia-Estomatologia-y-Medicina-Estetica-968x1024.jpg" alt="Dra. Reyes Bajo García, experta en estomatología y medicina estética en Clínica Abajo, Los Cristianos. Tu especialista en estética facial en Tenerife Sur." class="wp-image-16266" style="object-fit:cover;width:500px;height:500px" title="" srcset="https://www.clinicabajo.com/wp-content/uploads/2025/12/Dra.-Reyes-Bajo-Garcia-Estomatologia-y-Medicina-Estetica-968x1024.jpg 968w, https://www.clinicabajo.com/wp-content/uploads/2025/12/Dra.-Reyes-Bajo-Garcia-Estomatologia-y-Medicina-Estetica-284x300.jpg 284w, https://www.clinicabajo.com/wp-content/uploads/2025/12/Dra.-Reyes-Bajo-Garcia-Estomatologia-y-Medicina-Estetica-768x813.jpg 768w, https://www.clinicabajo.com/wp-content/uploads/2025/12/Dra.-Reyes-Bajo-Garcia-Estomatologia-y-Medicina-Estetica.jpg 1000w" sizes="auto, (max-width: 968px) 100vw, 968px" /></figure>
</div>
</div>
</div>
